 highest common factor of l and 21?
21
Suppose 7*k - 40 = 2*k. Let n(u) = 8 - k - 4 + 90*u. Let b be n(2). Calculate the greatest common divisor of 22 and b.
22
Suppose -2*m = 5*u - m - 298, 0 = m - 3. Suppose 4*v = -l + 27, -l = l + 3*v - u. Calculate the greatest common factor of l and 124.
31
Suppose -3*a = -2*s - 9639, 7*s - 3*s = -12. What is the greatest common factor of 19 and a?
19
Let y(w) be the second derivative of 0 - 8*w - 2/3*w**3 - 1/20*w**5 + 1/2*w**4 - 5/2*w**2. Let r be y(4). What is the greatest common divisor of 11 and r?
11
Suppose 0 = 2*v + 2*v - 180. Let p(d) = -d**3 + 6*d**2 + 4*d - 9. Let o be p(3). Calculate the greatest common divisor of o and v.
15
Suppose -3*t - 4*w - 1 = 1, 3*w = -4*t + 9. Let d be (-200)/(-48) - 1/t. What is the highest common divisor of 4 and d?
4
Suppose 0 = -2*c - 4*a + 16, -3*c + 7*c + 33 = 5*a. Let p be (3 + 69)/4 + c. What is the greatest common factor of p and 24?
8
Let r(m) be the first derivative of m**3/3 - 5*m**2/2 - 2*m + 4. Let h be r(6). Let y = -1 + h. Calculate the greatest common divisor of 12 and y.
3
Let s = -278 - 45. Let u = -228 - s. Suppose -13*j - 3*j = -608. Calculate the highest common divisor of j and u.
19
Suppose -3*v = -850 - 5327. Calculate the greatest common divisor of v and 71.
71
Let k(u) be the third derivative of u**4/12 + u**2. Let d be k(0). Suppose -4*f - 11 + 47 = d. Calculate the highest common divisor of 72 and f.
9
Let t = 17 - 14. Suppose -4*r + 82 = s - 3*r, -216 = -t*s + 3*r. Suppose 1 = h, -2*x - 5*h + 13 = -6. What is the greatest common divisor of s and x?
7
Let d be -2 + 1 + 2 - (2 - -1). Let q(z) = -87*z + 1. Let g be q(d). What is the highest common factor of 35 and g?
35
Let i be 20706/75 + (-20)/250. What is the greatest common factor of 12 and i?
12
Let h(q) = q + 18. Let g be h(-13). Suppose 10*t - 105 = 7*t. What is the greatest common factor of g and t?
5
Suppose -5*l - 15 = -u, -4*u + 0*l - 4*l = -84. Let x = u + 146. Suppose -650 = -4*f - x. Calculate the greatest common factor of 11 and f.
11
Let a(j) = 0*j + 2*j + 2*j - 3*j. Let w be a(-2). Let i be -2 + 21*w/(-3). What is the highest common factor of 2 and i?
2
Let k = -252 - -289. Calculate the greatest common factor of 259 and k.
37
Let y = -469 + 537. Calculate the greatest common factor of y and 51.
17
Let m be 41/(240/(-35) - -7). What is the greatest common divisor of 41 and m?
41
Let b be (-161 - -171)/(1/(-20)*-2). Calculate the greatest common divisor of b and 80.
20
Let w = 133 - 34. Let l = -75 + w. Calculate the highest common factor of 60 and l.
12
Let r = 20 - 20. Suppose r = -y - 4, -y = -p + 119 - 34. What is the highest common divisor of p and 9?
9
Let z be 4/6 + 4/3. Let f be z*(2 + 5) - -1. Suppose 2*u + 3*c + 33 = 4*u, -c = 3*u - 44. What is the highest common factor of u and f?
15
Let z(b) = -b**3 + 31*b**2 + 31*b + 7. Let l be z(27). What is the highest common factor of l and 80?
80
Suppose -4*a - 4*p + 0*p + 344 = 0, a + 3*p - 84 = 0. What is the greatest common factor of 319 and a?
29
Let g be (1/2)/(((-15)/(-178))/15). Calculate the highest common factor of 2 and g.
1
Suppose 43 = 5*w + 8. Suppose -j = -4*k + 11, k = -j + 2 + 2. What is the highest common divisor of j and w?
1
Let y = 1482 - 774. What is the greatest common factor of y and 12?
12
Let k(h) = 27*h + 566. Let a be k(29). Calculate the greatest common factor of a and 19.
19
Let b(a) = 4*a - a**3 - 3 - 2 + 7 + 0 + 7*a**2. Let x be b(4). Let w be (-242)/33*(2 - (0 + 5)). Calculate the greatest common factor of w and x.
22
Let f(z) = -2*z**3 + z**2 + z. Let h be (2 + (1 - 2))*-1. Let m be f(h). Let k be 3/5*(37 - m). What is the greatest common factor of 14 and k?
7
Suppose j = -10*j + 2761. Let f = 458 - j. Calculate the highest common divisor of f and 23.
23
Let x be ((-36)/10)/((-54)/180). Suppose 48 = -x*m + 18*m. Calculate the greatest common factor of m and 8.
8
Suppose 2*j = 4*j - 10. Suppose -29 = -3*v + 3*m + 13, j*m - 20 = 0. What is the greatest common factor of v and 45?
9
Let n be 4*(-1 - 0) - -1 - 15. Let v = n - -93. What is the highest common divisor of v and 50?
25
Suppose -5*x + 2*m + 239 = -0*x, 0 = 2*x - 3*m - 89. Suppose 6 = -48*n + x*n. What is the highest common factor of n and 66?
6
Let q(s) = 1 + 2*s**2 - 1 - 5 - 7 - 8*s. Let x be q(7). What is the greatest common factor of x and 12?
6
Let r(z) = -152 - 2*z**2 - 9*z + 149 + 5*z**2. Let k be r(4). Calculate the greatest common divisor of k and 81.
9
Suppose 3*a - a = 30. Suppose -92*p + 167*p - 450 = 0. Calculate the highest common divisor of p and a.
3
Let v(b) = 1. Let n(y) = y + 10. Let f(o) = -5*n(o) + 40*v(o). Let x be f(-3). Calculate the greatest common divisor of 5 and x.
5
Let o = -17 + 17. Let m be -1 + o/(-1) + 177. Calculate the greatest common factor of m and 22.
22
Let x be ((-15)/18*2)/((-20)/72). Suppose x*d - 4*d - 32 = 0. What is the greatest common factor of 128 and d?
16
Suppose -29 = -2*k + 5*b - 2, -4*k - b - 1 = 0. What is the highest common divisor of k and 67?
1
Let s = 43 - 29. Suppose -3*m = -3 - 12. Let f be (-10 + 24)*m/2. Calculate the highest common divisor of s and f.
7
Let a = 17 + -10. Let t = -302 + 365. Calculate the highest common divisor of a and t.
7
Suppose -4*s = 5*l - 2742, 96*s - 99*s = 2*l - 1094. What is the greatest common divisor of 990 and l?
110
Let t be (170/(-204))/(3/(-180)). Calculate the greatest common divisor of t and 225.
25
Suppose -10 = -3*b + 53. Suppose -11*r + 968 - 275 = 0. What is the greatest common factor of b and r?
21
Suppose 6*u = 2*u + 3*w + 1020, -3*u = -2*w - 764. Suppose -4*y = p - 261, 3*y - 4*p - u = -42. What is the greatest common factor of y and 12?
6
Let c be (-860)/(-6) + (40/24 - 2). What is the greatest common factor of 44 and c?
11
Suppose 0 = f - 6*f - 2*n + 178, 3*f - 110 = 2*n. Let c(i) = -5 + 3*i + 2 - 3. Let k be c(6). Calculate the greatest common factor of f and k.
12
Suppose -2*k + 56 = -4*d, -4*k = 53*d - 52*d - 67. Calculate the highest common divisor of 24 and k.
6
Suppose 150*q - 2346 = 133*q. Calculate the greatest common divisor of 506 and q.
46
Suppose n - 2 = -n. Let z(d) = -2*d**2 - 2*d + 2. Let h be z(n). Let a be (-1719)/(-81) + h/9. What is the highest common divisor of a and 168?
21
Suppose 3*d + l = 297, 99 = d - 9*l + 4*l. Calculate the greatest common factor of 9 and d.
9
Let z(i) = i**2 + 9*i + 1. Let b be z(-7). Let c be (b + 10)/(3/(-26)). Calculate the highest common factor of c and 65.
13
Let j(q) = 7*q**2 - 135*q - 831. Let h be j(-6). What is the highest common factor of 399 and h?
21
Let w = 863 + -447. What is the greatest common factor of 13 and w?
13
Let u = 210 + -205. Suppose -5 = 5*t + 5. Let k be t/u + (-588)/(-70). Calculate the highest common factor of 8 and k.
8
Let d be (4 - 0)*45/4. Let q(n) = n**3 - n**2 - 4*n - 2. Let b be q(4). Calculate the highest common factor of b and d.
15
Suppose -17 = 27*b - 179. Let i(h) = h**2 - 5*h + 2. Let r = -4 - -9. Let l be i(r). What is the greatest common factor of b and l?
2
Suppose 0 = 5*t + 54 - 79. Let j = -39 - -68. Suppose -4*g + j = -t*u, 3*g + u - 1 = -3. What is the greatest common factor of 9 and g?
1
Suppose -7 = -s + 8. Let b(y) = y**3 - 15*y**2 + 2*y - 16. Let x be b(s). What is the greatest common factor of x and 14?
14
Let t = 1359 - 1325. What is the greatest common divisor of 289 and t?
17
Let c be (-4 - (0 + 3)/(-3))*-14. What is the greatest common divisor of c and 147?
21
Suppose -4*p - 219 = -611. Suppose -2*z + 12 = 4*y, 2*z + 3*y + 1 - 17 = 0. Calculate the greatest common factor of z and p.
14
Suppose -2*i - 5*r = 3*i - 5090, 0 = 5*r + 25. What is the highest common factor of 93 and i?
93
Suppose 12*c + 21 = 9*c. Let n(f) = -f**2 - 10*f + 3. Let o be n(c). What is the highest common factor of 48 and o?
24
Let m = 88 - 72. Calculate the greatest common divisor of m and 80.
16
Let l = -728 + 911. What is the greatest common divisor of 305 and l?
61
Let d = 437 - 228. Calculate the highest common factor of 19 and d.
19
Let y = 770 + -762. Suppose 64 = 2*i + 2*i. Calculate the highest common factor of i and y.
8
Let q(d) = 5*d - 8. Let b be (12 + -10)/(2/12). Let s be q(b). Suppose -4*c + 24 = p - c, 4*c - s = -3*p. Calculate the highest co